927. List the prime factors of z.
3, 313
What are the prime factors of ((-3)/2 - 2)/(1/(-3314)) + 4?
41, 283
Let v(g) be the second derivative of -g**3/2 - 14*g**2 - 16*g. Let f be v(-12). Let s(d) = -d**3 + 7*d**2 + 10*d - 13. List the prime factors of s(f).
3
What are the prime factors of 6799 + (0/(-9) + 2 - 9)?
2, 3, 283
Let a(i) = i**3 + 112*i**2 - 134*i - 561. List the prime factors of a(-110).
3, 11, 1163
Let y(f) = -2*f - 2. Let r(h) = 222*h - 36. Let p(s) = -r(s) + y(s). List the prime factors of p(-5).
2, 577
Let u = -91853 + 174446. List the prime factors of u.
3, 7, 19, 23
Let v = -456 - -1098. Suppose -2*m + 4*i + 1244 = 0, m + 8*i - v = 6*i. What are the prime factors of m?
2, 79
List the prime factors of 4/(2 + (-19537)/(-19544)*-2).
2, 349
Let z(t) = 331*t**2 + 614*t + 2. List the prime factors of z(10).
2, 7, 2803
Suppose 24*g - 20*g - 12 = 0. What are the prime factors of (-3)/g*(-127)/1?
127
Let z be (-1812)/(-15) - (-8)/40*1. Let v = 534 + z. List the prime factors of v.
5, 131
Let w(o) = -26*o**2 + 8*o + 1. Let t(i) = i**2 - 2. Let y(k) = t(k) - w(k). List the prime factors of y(5).
2, 79
Let o(n) = 2*n**2 + 15. Let m = -119 - -124. Suppose 4*v + 3*u - 2 = 29, -2*u + 37 = m*v. List the prime factors of o(v).
113
Suppose 2*r = 2*p + 13138, 61*p - 5 = 56*p. List the prime factors of r.
2, 3, 5, 73
Let x(i) = -i**3 + i**2 - 111. Let w be x(0). Let z = 60 + w. Let l = z - -104. What are the prime factors of l?
53
Suppose 15192 = m - c, c + 2*c - 15 = 0. List the prime factors of m.
7, 13, 167
Let o = 33 + -52. Let t be o*-3*(-4)/(-12). Let h(u) = 2*u - 4. What are the prime factors of h(t)?
2, 17
Suppose 13*b - 2637 = 4*b. Suppose -4*u - 453 = -3*m - u, u = -2*m + b. What are the prime factors of m?
2, 37
Let m be -8 - -4 - -2 - -8*1. Suppose -m*n = 257 + 31. Let y = n + 110. What are the prime factors of y?
2, 31
Let m be (-15 + 0)*((-10)/(-6))/5. Suppose -5*f = -4*p + 473, 0 = -2*p + 4*p + 3*f - 209. What are the prime factors of (2/(-4))/((20/p)/m)?
2, 7
Let n = 57 + -9. Suppose -5*z + 26 = v, z - 4*v - 70 = -n. What are the prime factors of z?
2, 3
Let b(r) = -4*r**3 - 21*r**2 - 7*r - 31. What are the prime factors of b(-14)?
3, 2309
Let x = 266 + -264. List the prime factors of (x - (-6)/4)/(16/3840).
2, 3, 5, 7
Let y(w) = -12861*w**3 + 6*w**2 + 9*w + 2. What are the prime factors of y(-1)?
2, 5, 643
Let i be 1/1*(0 + -490)/(-1). Suppose -2*f = 3*j - 357, 5*j - 2*f - i = j. What are the prime factors of j?
11
Let r = -83 + 89. Suppose 10*m = -4 - r. What are the prime factors of 18/(-9) - (-119 - (0 + m))?
2, 29
Suppose t + 157 = 161, -5*t = 2*b - 288. What are the prime factors of b?
2, 67
Let d(v) = 178*v**2 - 56*v + 96. What are the prime factors of d(-19)?
2, 3, 10903
Let m = 7 + 6. Let x(k) = -5*k**2 + 9*k + 20. Let r(t) = -4*t**2 + 9*t + 17. Let q(o) = -4*r(o) + 3*x(o). List the prime factors of q(m).
2, 11
Let o(r) = 5*r + 30. Let v(l) = 2*l + 30. Let b(q) = 5*o(q) - 6*v(q). What are the prime factors of b(25)?
5, 59
Suppose -13860 - 1091 = -2*y + 3503. List the prime factors of y.
9227
Let h be 72/(-132) - (-72)/11. Suppose 2*v - 2024 = f, -h*f - 1026 = -v - 9*f. What are the prime factors of v?
2, 3, 13
Suppose 2*h + 25970 = 2*j, -1282*h + 12982 = j - 1284*h. What are the prime factors of j?
2, 17, 191
Let v = -7478 - -8184. What are the prime factors of v?
2, 353
Suppose 30*g + 20 = 25*g, 42572 = 5*w + 2*g. List the prime factors of w.
2, 2129
Let b(c) = c**3 + 44*c**2 + 96*c + 107. List the prime factors of b(-33).
2, 7, 13
What are the prime factors of (-6 + 124/20)/((-10)/(-363700))?
2, 3637
Let v(j) = 394*j + 808. What are the prime factors of v(20)?
2, 3, 181
Suppose 3*k - 3*s - 13140 = 0, -s + 17550 = 4*k + s. Suppose -4*u - 21 = -k. Suppose u = 12*z - 553. What are the prime factors of z?
137
Let v(q) be the third derivative of -q**6/120 - 7*q**5/30 - q**3/3 + 13*q**2. Let g be v(-15). Suppose 0 = 5*n - g - 137. List the prime factors of n.
2, 3
Let g(y) = 11507*y + 3578. What are the prime factors of g(6)?
2, 5, 3631
Let z = -19608 - -27541. List the prime factors of z.
7933
Let q = -33944 + 74000. List the prime factors of q.
2, 3, 1669
Let p(m) = 2*m**2 + 20*m - 19. Let d be p(-11). Suppose q - x - 2 = 0, -q - d*x - 10 = -8*x. Suppose 995 = q*t - 95. What are the prime factors of t?
2, 109
Let u(t) = -t**2 + 5*t. Let l be u(6). Let v(d) be the third derivative of d**5/60 + d**4/24 - 2*d**3/3 - 16*d**2 + 1. List the prime factors of v(l).
2, 13
Let f = -116 - -95. Let h = 445 - f. What are the prime factors of h?
2, 233
Let n be (4/4 + -2)/((-1)/194). Let z = 389 - n. Let j = -47 + z. List the prime factors of j.
2, 37
Suppose 7*p + 33 - 61 = 0. Suppose -5*c + x = -p*c - 33, 3*c + 2*x - 114 = 0. List the prime factors of c.
2, 3
Suppose -47*i = -366639 - 1769182. What are the prime factors of i?
29, 1567
Let b(s) = 497*s + 293. What are the prime factors of b(8)?
3, 1423
Suppose 3*j - q = -6*q + 1315, -4 = q. Let m be ((-8)/3)/((-26)/39). Suppose -3*l + j = 5*c - 3*c, l = m*c + 125. What are the prime factors of l?
5, 29
Suppose -31*u + 117 = -28*u. Suppose 0 = m + u - 229. What are the prime factors of m?
2, 5, 19
Suppose 3*m + a - 24 = -3*a, 5*m = -a + 57. Suppose 20*l = m*l + 688. What are the prime factors of l?
2, 43
Let i(n) = 2*n**3 + 21*n**2 + 84*n + 155. List the prime factors of i(25).
2, 5, 4663
Let o(j) = 783*j - 87 - 888*j + 16. List the prime factors of o(-5).
2, 227
Let i(c) = -c**3 + 12*c**2 + 3*c - 3. Let v be i(11). Suppose 0 = -10*q - 379 - v. Let s = q + 169. List the prime factors of s.
2, 29
Let c(l) = l**3 - 6*l**2 - 8*l - 1. Let f be c(7). Let y be 1/(-4)*f/1. Suppose 4*h - 505 = -h + y*j, 5*h - 5*j - 520 = 0. What are the prime factors of h?
3, 11
Let f = -148 - -132. List the prime factors of ((f/2)/(-8))/((-2)/(-1996)).
2, 499
List the prime factors of (19*48/(-64))/(3/(-12916)).
19, 3229
Let k(z) = 5197*z**2 + 583*z - 1161. What are the prime factors of k(2)?
3, 29, 239
Let m = 10770 - 6540. Suppose 16*l - m = 13*l. What are the prime factors of l?
2, 3, 5, 47
Suppose 5*k = 2*h - 3690, -58*k = -h - 62*k + 1806. List the prime factors of h.
2, 3, 5, 61
Let c(b) = b**3 + 11*b**2 - 8*b - 15. Suppose -a - 5*s = -25, 2*a = 4*s - 0*s + 64. Let p = 19 - a. What are the prime factors of c(p)?
73
Let f = -16130 + 36387. List the prime factors of f.
47, 431
Suppose 2*p = 3*t + 4767, -6*t - 6351 = -2*t - p. Let o = -690 - t. List the prime factors of o.
3, 13, 23
Suppose 27 - 147 = -24*t. Let u(a) = 97*a + 1. What are the prime factors of u(t)?
2, 3
Let n = 2260 + -2264. Suppose -j - 78 = j. Let v = n - j. List the prime factors of v.
5, 7
Let n(y) = 12*y**2 + y + 5. Let j be n(13). Let a = j - 949. What are the prime factors of a?
1097
Let h = 794 + -797. Let q(a) = -59*a**3 + 2*a**2 - 9. List the prime factors of q(h).
2, 3, 89
Suppose 16*p - 60 = 6*p. Suppose p*i = 161 - 119. List the prime factors of i.
7
Let b(c) = -11*c**3 - 9*c**2 + 17*c - 18. Let h be b(-8). Suppose -45*n = -7*n - h. What are the prime factors of n?
3, 43
List the prime factors of 5797/(-682)*(-138)/17.
3, 23
Let r(d) = d**3 + 5*d**2 - 6*d + 6. Let p be r(3). Let c = -58 + p. Suppose -n + 32 = -3*v + c*v, 4*v = 12. What are the prime factors of n?
5, 7
Let y be -2*(-35)/(-20)*-2. Suppose -2*l = -y*l + 60. What are the prime factors of l?
2, 3
Suppose -5*i = -i + 2*f + 30, -11 = i + 4*f. What are the prime factors of 24/(-1)*(112/i + 7)?
2, 3
Let b be -4 - -2622 - (-1 + (1 - 1)). Let s = -1181 + b. What are the prime factors of s?
2, 719
Let q = -3035 - -3923. What are the prime factors of q?
2, 3, 37
Suppose 211*y - 220*y = -3906. What are the prime factors of 3156/14 - (-248)/y?
2, 113
Suppose 43*x - 7140525 = -104*x. List the prime factors of x.
5, 29, 67
Let r(p) = 177*p. Let g be r(-1). Let b(u) = 109*u**2 + 6*u + 9. Let j be b(-2). Let o = g + j. What are the prime factors of o?
2
Let q = -107 + 164. Suppose -2*l - v + 47 = -14, 0 = 3*l + 4*v - 84. Let z = q - l. List the prime factors of z.
5
Suppose -8*m + 485 = 181. Suppose m = -4*f - 22. Let o(n) = -9*n - 34. What are the prime factors of o(f)?
101
Suppose 47*f + 13*f - 6*f = 83214. List the prime factors of f.
23, 67
Let y(s) be the first derivati